 + 28*z**2 - 7*z + 21. Let q(u) = -2*u**3 - u**2 + u + 1. Let k(c) = h(c) + 6*q(c). What is the tens digit of k(-21)?
8
Suppose 382320 = -17834*f + 17850*f. What is the thousands digit of f?
3
Let o(p) = p**3 + 16*p**2 + 24*p - 56. Let b be o(-14). Suppose -t + 3*u + 95 = b, 26*u - 8 = 24*u. What is the hundreds digit of t?
1
Let d(y) = 4*y**2 + y + 19. Let v(b) = b**3 - 2*b + 1. Let m(q) = -d(q) + 2*v(q). What is the units digit of m(7)?
8
Suppose 0 = -3*u + 4*j + 23, 3*u + 5 - 10 = -5*j. Suppose -4*x + 5*y = -31, -u*y - 21 = -3*x - 2*y. What is the units digit of x?
4
Suppose 0*y = -y + 5. Let o be (53 - 58)*(1 - 0 - 2). Suppose -210 = -a - 4*a - o*b, -y*a + 186 = -b. What is the tens digit of a?
3
Let f = 43 - 29. Suppose f*b - 11*b = 63. What is the hundreds digit of ((-8)/(-6))/((b/414)/7)?
1
Let w(z) be the first derivative of 11*z**2 + 2*z + 28. Let l be -1*(0 - 2) - -2. What is the units digit of w(l)?
0
Let v be 2 + 1 - 3754/((-14)/(-7)). Let g = v - -2810. What is the hundreds digit of g?
9
Suppose 1301 = -2*c - 4*r + 5559, -3*c + 4*r = -6437. What is the tens digit of c?
3
Let k be (7 - (3 - -5)) + 1 + 0. Suppose k = -o + 171 + 134. What is the hundreds digit of o?
3
Let b(j) = -11*j**3 - 3*j**2 + 13*j + 14. Let s be b(-4). Let x = 1410 - s. What is the tens digit of x?
9
Let f be (-1)/(238/35 + -7). Suppose -6648 = f*k - 29*k. What is the hundreds digit of k?
2
Let g = -628 + 1126. Let x = g - 425. What is the tens digit of x?
7
Let a(n) = 2*n + 35. Suppose 0*f = 4*d + f - 51, 33 = 3*d - f. Let b be a(d). Let c = b + 9. What is the tens digit of c?
6
Let f = 355 - 179. Let m = f - 97. What is the units digit of m?
9
What is the tens digit of (-54)/(-8) - 875944/(-32)?
8
Let p(t) = -8*t**2 + 132 - t**3 + 11*t**2 - t**2 + 66. What is the units digit of p(0)?
8
Let u(i) = 5*i**2 - 135*i + 3535. What is the ten thousands digit of u(103)?
4
Let m(u) = 265*u**2 - 10*u + 51. What is the tens digit of m(3)?
0
Suppose -11*g + 18*g - 56 = 0. Suppose -g*i + 41*i = 594. What is the units digit of i?
8
Let j = 37826 + -19466. What is the thousands digit of j?
8
Let q(t) = -t**3 - 11*t**2 + 9*t + 9. Let v be q(-8). Let m be (28/3)/((-770)/v - 3). Suppose -2*b + 4*o = -m, -o - 1 + 0 = 0. What is the units digit of b?
6
Suppose 170 = -4*m - 2*p, 3*m + 108 + 27 = -4*p. Suppose 713 + 1565 = 23*d + 11*d. Let s = d - m. What is the units digit of s?
8
What is the hundreds digit of (-31773)/(-35)*20/12?
5
Suppose 0 = u + 1. What is the hundreds digit of 5 - (1 - (u - -329))?
3
Let k(z) be the first derivative of -z**2/2 + 5*z - 14. Let w be k(1). Suppose 4*m = -w*p + 16, -2*p - 30 = -4*m + p. What is the units digit of m?
6
Suppose 113*w + 2387 = 106*w. Let y = w - -662. What is the tens digit of y?
2
Suppose 0 = -k + s + 32, -10*k - 3*s = -8*k - 79. What is the thousands digit of (122*161/k)/((-6)/(-15))?
1
Let b(y) = 1661*y - 1826. What is the ten thousands digit of b(38)?
6
Let c(a) = -a**3 - 20*a**2 - a - 15. Let o be c(-20). Suppose -392 = -o*s + 1658. What is the tens digit of s?
1
Let s be ((-2)/6)/(13/78). What is the hundreds digit of 550 + -1 + 10/s + 0?
5
What is the thousands digit of 7280/(-200) - -36 - (1 - (-84384)/(-10))?
8
Let a = 9691 + -2251. What is the units digit of a?
0
Let t(d) be the third derivative of 2*d**5/15 - 13*d**4/24 + 7*d**3 - 3*d**2 + 2*d. What is the units digit of t(11)?
7
Let v(q) = 8*q - 25. Let w be (50/(-4) - (-3)/(-6))*6. Let d = w - -94. What is the hundreds digit of v(d)?
1
Suppose -14*z = -9*z - 30. Let y be (20/60)/(1/z). Suppose -137 = -4*s - t, -t = -y*t + 1. What is the units digit of s?
4
Let u = 124 - 215. Let r(x) = x**2 + 17*x + 157. Let i be r(-15). Let l = u + i. What is the tens digit of l?
3
Suppose 30*h - 638089 = -48*h - 233425. What is the thousands digit of h?
5
Let k = 7076 - 1674. What is the tens digit of k?
0
Let s = 4721 + -188. What is the hundreds digit of s?
5
Let i(v) = 30*v + 96. Let z be i(-24). What is the hundreds digit of (-9)/(54/z) + -3?
1
Suppose 33*f = -56*f + 638842. What is the hundreds digit of f?
1
Let v = -3807 - -13015. What is the tens digit of v?
0
Let t(n) = 298*n + 671. What is the ten thousands digit of t(38)?
1
Let w(c) = 185*c**2 - 108*c - 552. What is the units digit of w(-18)?
2
Let u = 3984 - 2516. Suppose -23*j = -19*j - u. What is the tens digit of j?
6
Let w(x) = 5*x**2 + 25*x + 36. Let c be w(-22). Suppose 8*g + 2 = c. What is the tens digit of g?
3
Suppose 13359*o - 13346*o - 41184 = 0. What is the thousands digit of o?
3
Suppose -11*k + 12 = -7*k. Suppose k*n + 280 = -n. Let v = n + 183. What is the hundreds digit of v?
1
Let j(x) = 138*x + 47. Let a be j(18). Suppose 2*p = -5*z + z + 2534, p - a = -4*z. What is the tens digit of z?
3
Let c be (-14292)/(-54) - (-10)/(-6). Let l = c + -64. What is the units digit of l?
9
Let s(u) = u**3 - 22*u**2 - 29*u - 4. Let a be s(10). Let m = 2686 + a. What is the hundreds digit of m?
1
Let z be 1 + (26 - 3/1). Suppose 4*b = z - 4. Suppose 0 = -4*v + r + 240, -3*v + 8*r + 180 = b*r. What is the units digit of v?
0
Let s(o) = 107*o**2 + 180*o + 2886. What is the thousands digit of s(-16)?
7
Let u(r) = 2*r**2 + r + 12. Suppose -s = m - 12 + 3, -5*s + 9 = -m. Let z be u(m). Let c = z + -10. What is the tens digit of c?
8
Let p = 55 - -132. Suppose -p = 4*n - 1195. What is the units digit of n?
2
Let a = 137 + -71. Let w = a + -63. Suppose -w*l + 109 = -2*l. What is the hundreds digit of l?
1
Suppose 0 = 295*q - 246*q - 909097. What is the ten thousands digit of q?
1
Let q be (6/(-9))/((-4)/24). Suppose -q = -p - 0*p. What is the units digit of 1/p*(-104)/(-2)?
3
Let f(h) = h**3 + 7*h**2 - 3. Let x be ((168/(-35))/4)/(3/(-15)). What is the hundreds digit of f(x)?
4
Suppose 40*j - 26 = 27*j. What is the hundreds digit of j/2 + -5 + (-783)/(-3)?
2
Let c(a) = 14 + a**2 - 12*a**2 + 2*a**3 - 4 - 3*a**3 - 21*a. Let s = 8 + -17. What is the tens digit of c(s)?
3
Let a be -10*-3*2/(-12) - 2973. Let t = -2104 - a. What is the tens digit of t?
7
Let p(n) = 52*n - 16. Let s(m) = 8*m - 41. Let u be s(6). What is the units digit of p(u)?
8
Suppose 70 = 5*w - 3*k, 5*w = -2*k + 11 + 59. Let f = -16 + w. What is the tens digit of f - (-2)/(-2) - (-125 - -6)?
1
Let o be 1/(-1) - (-1 - (-3 - -5)). Let c be o/4 + 513/38. Let m = 119 - c. What is the hundreds digit of m?
1
Suppose i - 23932 = -5*u, -71910 = -15*i + 12*i + 4*u. What is the hundreds digit of i?
9
Suppose s + 99 = 101. Suppose -5*j = s*k - 1627, 973 = 5*j - 2*j + 2*k. What is the units digit of j?
7
Let c(m) = 2199*m**2 + 47*m + 102. What is the tens digit of c(-2)?
0
Suppose -5*y + 6*y = -1. Let s(g) be the third derivative of -23*g**4/12 + g**3/6 + 2*g**2. What is the units digit of s(y)?
7
Let j = -14 - -14. Suppose j = a - 3*a + 6. What is the units digit of (-848)/(-9) + (-87)/27 + a?
4
Let i = -38 - -40. Let m be (-3)/(-24)*i + 105/12. What is the tens digit of 2/3 + 1020/m?
1
Suppose 4*h - 7*h - 72 = c, h + c + 26 = 0. What is the tens digit of ((-31)/3)/(h/483)?
1
Let x(r) = r**2 - 2*r - 10. Let n be x(-3). Suppose -v = -2*l - 398, -n*v + 2304 = l + 325. What is the units digit of v?
6
Let s(o) be the first derivative of -7*o**2/2 - 23*o + 9. Suppose c + 15 = -3. What is the hundreds digit of s(c)?
1
Suppose 0 = x + 3*x + 4*f - 404, 0 = -4*x - 3*f + 408. Let m = 157 - x. Suppose -2*y = -0*u - u - m, 3*u = 3*y - 81. What is the tens digit of y?
2
Let x(b) = 48 + 15*b + 20 - 63*b. What is the hundreds digit of x(-9)?
5
Suppose -667*f + 337*f - 245950 = -340*f. What is the tens digit of f?
9
Suppose -16610 = -6*y + 2*y + d, y - 4151 = d. Let h(o) = 0*o - y + 2*o + 4164. What is the units digit of h(2)?
5
Let y(f) = -2*f**3 - 54*f**2 - 61*f + 43. What is the units digit of y(-33)?
4
Let c(y) = y**3 - y + 67. Let t = -41 - -22. Let d = t - -19. What is the units digit of c(d)?
7
Let q(h) = 16*h**2 + 17*h + 47. Let n(a) = -19*a - 467. Let m be n(-24). What is the tens digit of q(m)?
9
Suppose 0 = 5*k - 21583 - 146507. What is the units digit of k?
8
Let b(n) = -17 + 3 + 61 - 109*n. What is the units digit of b(-7)?
0
Let r = -158 + 161. Suppose r*t - 137 = 1282. What is the tens digit of t?
7
Let r(g) = -g**2 - g + 4. Let d be r(3). Let o = d - -24. What is the units